uppose 4*c + t = l, 0 = -0*l - l + 5*c + 53. Suppose -3*q + 122 - l = 0. List the prime factors of q.
2, 7
Let l(k) = -k**3 + 15*k**2 - 20*k - 9. Let s be l(11). Suppose -2*q + s = q. What are the prime factors of q?
5, 17
Suppose -3*a + 10 = -2*h + h, 4*a - h = 12. Suppose 2*g + 15 = -2*c + 1, 0 = 4*g - 2*c - a. What are the prime factors of (8 + -90)*1/g?
41
Let n(v) = -6*v + 18. Let c be n(-8). List the prime factors of c + (-3)/1 + 4.
67
Let d = -34 - -47. Let s = 16 - d. Suppose s*z - 16 = 2*z. List the prime factors of z.
2
Let w(v) = v**2 - 12*v - 11. Let i be w(13). Suppose -i*c - 57 = -3*b, b + 3*c + 5 = 24. What are the prime factors of b?
19
Let w(y) = -y**3 - 4*y**2 - 16*y + 34. What are the prime factors of w(-11)?
7, 151
Suppose 8*p - 12498 - 4190 = 0. List the prime factors of p.
2, 7, 149
Suppose -3*m - 1244 + 5732 = -3*p, -m + 5*p = -1504. List the prime factors of m.
2, 3, 83
Let c(h) = h**3 - 2*h**2 + 4*h - 5. Let z be c(2). Suppose 2*u - 5*d - 32 = 0, 0*u = z*u + 4*d - 71. What are the prime factors of u?
3, 7
Let t(k) = k**3 - 15*k**2 + 14*k - 164. List the prime factors of t(17).
2, 163
Let c(r) = 5*r**3 - r**2 + r - 1. Suppose 2*z - 26 = -6. Suppose 7 - z = -3*b. What are the prime factors of c(b)?
2
Let b(m) = 2*m + 19. Let v be b(-11). What are the prime factors of (-5)/(-15)*v*-94?
2, 47
Let z(n) = -n**2 - 8*n + 3. What are the prime factors of z(-8)?
3
Suppose 0 = -5*r - 4*a + 45, 8 - 67 = -3*r + 4*a. Let b be 4 + r + 1 + 0. What are the prime factors of b/(-8)*64/(-6)?
2, 3
Let q(n) = 3*n - 7. Let p be q(5). Let i be (-2)/4 - 132/p. Let u = i + 33. List the prime factors of u.
2
Let x(c) = -2*c**3 - 3*c**2 + 3*c. Let d be x(-4). Suppose -d - 100 = -4*t. List the prime factors of t.
2, 3, 7
Let d(j) = -j - 3. Let m be d(-5). Suppose -4*w + m*l + 260 = -0*w, 0 = -3*w - 4*l + 206. List the prime factors of 0 + -3*w/(-9).
2, 11
Let w = 5054 - 2448. What are the prime factors of w?
2, 1303
Let h(c) be the first derivative of -c**2 + 19*c - 13. List the prime factors of h(7).
5
Let h(o) = 3*o**3 + 4*o**2 + 6*o - 2. What are the prime factors of h(5)?
503
Let j be 0 - ((-10)/5 + -2). Suppose 5*c + j*z - z = 574, 3*z = 3*c - 354. List the prime factors of c.
2, 29
Suppose 12 = 4*p - 2*j, -3 = -5*p - 2*j + 3. Let r(t) = -2*t**2 - 3*t - p + 2*t**2 + 2*t**2 - t**2. List the prime factors of r(6).
2
Let c = -748 - -1493. Suppose c = 5*w - d, 5*d + 179 - 775 = -4*w. List the prime factors of w.
149
Let l be (6/15)/((-1)/(-225)). List the prime factors of l/(2 - 3/6).
2, 3, 5
Let y(b) = b**3 + b**2 - 4*b - 10. Let q be y(-4). Let d = q - -48. List the prime factors of d.
2, 3
Suppose -67 - 8293 = -11*w. What are the prime factors of w?
2, 5, 19
Suppose -2*f + 9 = 57. Let m(y) = -2*y**2 + 6*y + 16. Let a be m(-13). List the prime factors of a/f*(-3)/(-2).
5
Let t(b) = 2*b**2 + 6*b. Let n be (-38)/(-14) + (-10)/(-35). Suppose -w - 8 = -n. What are the prime factors of t(w)?
2, 5
What are the prime factors of (3720 - (4 + -1 + -4))/1?
61
Let z = 10177 + -5643. What are the prime factors of z?
2, 2267
Let l = 6 - -59. Let c = l - 43. List the prime factors of c.
2, 11
Let s = 4480 - -347. List the prime factors of s.
3, 1609
Let f be (-12)/(-3)*(-593)/4*-1. Let q = f + -410. List the prime factors of q.
3, 61
Let z(t) = 59*t + 15. Let a(q) = -236*q - 61. Let m(l) = 2*a(l) + 9*z(l). List the prime factors of m(3).
2, 5, 19
Let m(n) = -n**3 - 13*n**2 + 5. Let o be m(-13). Suppose 4*c - 8*y + o*y - 318 = 0, -2*c + 5*y = -152. What are the prime factors of c?
3
Let d be (60/10)/(4/((-16)/(-6))). Suppose 20 = 5*p, -d*p = -3*a - a + 520. List the prime factors of a.
2, 67
Suppose -4*x + s = 4*s - 27, -3*s - 15 = -3*x. Let r be (-6)/(-18) + 10/x. What are the prime factors of r + (8 - 1) + 2?
11
Suppose -3*s = 2*y - 3 + 2, -5*y + 3*s - 50 = 0. Let w = 33 + y. List the prime factors of w.
2, 13
Let d(j) = 2*j**3 - 27*j**2 + 13*j + 10. Let u be d(13). Suppose q + 20 = 5*q. Suppose 0 = q*n - u*n + 125. What are the prime factors of n?
5
Suppose 0 = o + z + 8, -z = -o - 0*z. Let x = o - -61. What are the prime factors of x?
3, 19
Let b(m) = 8*m**2 + 2*m. Let p be b(-1). List the prime factors of (p - 6) + 1*171.
3, 19
Let p = 195 - 39. Suppose -2*u = -8, -8*u + 4*u = 5*t - p. What are the prime factors of t?
2, 7
Let x = -3851 - -6524. What are the prime factors of x?
3, 11
Let t be (4 - 3)*2 + -1. List the prime factors of 56/14 + (t - -25).
2, 3, 5
Let m(q) = -22*q**2 + 43*q - 43. Let k be m(1). Let t be 53 - 1*-2 - 2. Let b = t + k. What are the prime factors of b?
31
Let c(s) = -6*s**2 + 5 - 4 - s + 5*s**3 + 4. List the prime factors of c(3).
83
Let x(f) = -f**3 + 12*f**2 - 7*f - 1. Let z(m) = -m**2 + 8*m + 5. Let v be z(5). Let l = 31 - v. List the prime factors of x(l).
43
Suppose f - 389 = -3*x, 0 = 5*f - 21 - 4. Suppose -x - 96 = -4*a. What are the prime factors of a?
2, 7
Suppose -20 = -3*c + 22. Suppose -4*j = 2*v + v - c, -6 = -3*j. List the prime factors of v.
2
Let b = -24 - -24. Suppose -3*p - 2*n + 0 - 4 = b, -2*n + 4 = -p. List the prime factors of ((-54)/(-21))/(p/(-42)).
2, 3
Let b = 123 - 82. What are the prime factors of b?
41
Suppose -2*g - 6*i = -2*i - 144, -4*i - 54 = -g. List the prime factors of g.
2, 3, 11
Suppose -4*r + 2*r + 4 = 0. Let q be (-2)/r - (3 - 4). Suppose 125 = -0*d + 5*d - 2*y, q = -d - 4*y + 47. What are the prime factors of d?
3
Let j = -128 + 790. Suppose -4*x = -j - 106. List the prime factors of x.
2, 3
Let q be 2 + 34 + 11/11. Suppose 2 = -2*d, y + 5*d - q = -y. What are the prime factors of y?
3, 7
Suppose -j = 2*d - 2, -d = -1 - 0. Suppose f - 4*r = -j*f + 99, -r = -3*f + 286. What are the prime factors of f?
5, 19
Suppose 6*r = 182 + 262. Let g = 229 - r. What are the prime factors of g?
5, 31
Let r = 103 - 103. Suppose -y - 49 - 40 = -4*m, 0 = m - 3*y - 14. Let w = m + r. List the prime factors of w.
23
Suppose 0 = 5*r - 25*f + 27*f - 3340, -f = 2*r - 1335. List the prime factors of r.
2, 5, 67
Let m(c) = c**3 - 6*c**2 - 4*c - 3. Let u be m(7). Let o be (-2)/(-9) - 4/u. Suppose k + d - 35 = o, 2*k + k = 3*d + 75. What are the prime factors of k?
2, 3, 5
Let t(u) = 4 - u**3 - 8 + 3*u**2 + 9*u**2 - 2 - 13*u. Let k be t(11). What are the prime factors of (-384)/k - (-4)/14?
2, 7
Suppose 5*f + 16 + 39 = 0. Suppose -9*n - 6*n = -300. Let v = f + n. What are the prime factors of v?
3
Let a(m) = -m**2 - 109*m - 1016. What are the prime factors of a(-67)?
2, 29, 31
Suppose 11 = -t + 14. Let u be (0/(-3))/(t + -2). Suppose u = 5*v - 149 - 21. List the prime factors of v.
2, 17
Let t(f) = 62*f - 36. List the prime factors of t(21).
2, 3, 211
Let j = -101 + 192. What are the prime factors of (-6)/14 + 6955/j?
2, 19
Suppose 8 = 3*d - 6*d - 4*t, -3*d + 27 = -3*t. Suppose d*q - 10*q + 528 = 0. List the prime factors of q.
2, 11
Let c = 66 + 33. Let z be (4/6)/(6/c). Suppose z + 1 = g. What are the prime factors of g?
2, 3
Let i(p) = p + 23. Suppose -2*u + 5*m = 16 - 57, -3*u + 2*m + 67 = 0. What are the prime factors of i(u)?
2, 23
Let k(u) = -u**2 + 6*u + 11. Let t be k(7). Suppose t*b + 6 = b, q + 4*b = 118. What are the prime factors of q?
2, 3, 7
What are the prime factors of (12/18)/((-5)/(-3195))?
2, 3, 71
Let b(j) = 3*j**2 + 9*j + 66. List the prime factors of b(-10).
2, 3, 23
Suppose -909*i + 896*i = -5954. List the prime factors of i.
2, 229
Suppose t - 2*i = 8, -3*t - 3*i = 3 - 0. Let j(l) = 2*l**2 + 6*l. Let m be j(6). Suppose t*p = -2*p + m. What are the prime factors of p?
3
Let x = -1 - 7. Let u = 13 + x. Suppose 4*w - 2*r - 10 = 0, -9 = u*r - 4. What are the prime factors of w?
2
Suppose -g + 0*g - 4*f + 183 = 0, 4*g - 3*f - 732 = 0. Suppose -6*s = -7*s + g. List the prime factors of s.
3, 61
Suppose 0*o + 2*o + 20 = 0. Let g(d) = d**2 + 9*d - 7. Let c be g(o). Suppose -4*q + 93 = c*u, 0 = 4*q - 13 + 1. What are the prime factors of u?
3
Suppose -2015 = -5*c + 6810. List the prime factors of c.
5, 353
Suppose h - 32 = 3*g, -2*g = -4*g - 3*h - 36. Let s = g - -6. Let l = s + 8. List the prime factors of l.
2
Let d be (-6)/9*-3*20/8. Suppose 0 = -d*t - w + 466, 2*t = -4*w - 72 + 244. What are the prime factors of t?
2, 47
Let x be -4 - (2 - 0 - 4). Let q(y) = -4*y**3 - 2*y**2 - 2*y. Let u be